{"id":28646,"date":"2023-07-03T15:12:09","date_gmt":"2023-07-03T14:12:09","guid":{"rendered":"https:\/\/www.herbadiberna.ch\/balsamo-per-labbra\/"},"modified":"2026-04-28T21:16:31","modified_gmt":"2026-04-28T20:16:31","slug":"balsamo-per-le-labbra","status":"publish","type":"product","link":"https:\/\/www.herbadiberna.ch\/it\/prodotto\/balsamo-per-le-labbra\/","title":{"rendered":"Balsamo per labbra al CBD"},"content":{"rendered":"<p>Non c&#8217;\u00e8 niente di peggio di labbra secche o screpolate.<br \/>\n\u00c8 meglio baciare con labbra morbide!<br \/>\nQuesto balsamo labbra aiuta a mantenere le labbra morbide e impedisce che si secchino. Utilizziamo cera di carnauba vegetale anzich\u00e9 prodotti petroliferi. Di conseguenza, il nostro balsamo per labbra non \u00e8 appiccicoso e inoltre \u00e8 un prodotto puramente naturale.<br \/>\nIl prezioso duo di olio di noce di macadamia e burro di mango nutre, mentre la combinazione di vitamina E e CBD contrasta le infiammazioni e ha un effetto anti-invecchiamento.<\/p>\n","protected":false},"excerpt":{"rendered":"<p>Balsamo labbra, vaniglia, 5 g<\/p>\n","protected":false},"featured_media":54967,"comment_status":"open","ping_status":"closed","template":"","meta":{"inline_featured_image":false},"product_brand":[],"product_cat":[897,469],"product_tag":[],"class_list":{"0":"post-28646","1":"product","2":"type-product","3":"status-publish","4":"has-post-thumbnail","6":"product_cat-balsamo-per-labbra","7":"product_cat-prodotti-per-la-cura-del-cbd","8":"pif-has-gallery","10":"first","11":"instock","12":"taxable","13":"shipping-taxable","14":"purchasable","15":"product-type-simple"},"_links":{"self":[{"href":"https:\/\/www.herbadiberna.ch\/it\/wp-json\/wp\/v2\/product\/28646","targetHints":{"allow":["GET"]}}],"collection":[{"href":"https:\/\/www.herbadiberna.ch\/it\/wp-json\/wp\/v2\/product"}],"about":[{"href":"https:\/\/www.herbadiberna.ch\/it\/wp-json\/wp\/v2\/types\/product"}],"replies":[{"embeddable":true,"href":"https:\/\/www.herbadiberna.ch\/it\/wp-json\/wp\/v2\/comments?post=28646"}],"wp:featuredmedia":[{"embeddable":true,"href":"https:\/\/www.herbadiberna.ch\/it\/wp-json\/wp\/v2\/media\/54967"}],"wp:attachment":[{"href":"https:\/\/www.herbadiberna.ch\/it\/wp-json\/wp\/v2\/media?parent=28646"}],"wp:term":[{"taxonomy":"product_brand","embeddable":true,"href":"https:\/\/www.herbadiberna.ch\/it\/wp-json\/wp\/v2\/product_brand?post=28646"},{"taxonomy":"product_cat","embeddable":true,"href":"https:\/\/www.herbadiberna.ch\/it\/wp-json\/wp\/v2\/product_cat?post=28646"},{"taxonomy":"product_tag","embeddable":true,"href":"https:\/\/www.herbadiberna.ch\/it\/wp-json\/wp\/v2\/product_tag?post=28646"}],"curies":[{"name":"wp","href":"https:\/\/api.w.org\/{rel}","templated":true}]}}

<p>Non c&#8217;è niente di peggio di labbra secche o screpolate.<br />
È meglio baciare con labbra morbide!<br />
Questo balsamo labbra aiuta a mantenere le labbra morbide e impedisce che si secchino. Utilizziamo cera di carnauba vegetale anziché prodotti petroliferi. Di conseguenza, il nostro balsamo per labbra non è appiccicoso e inoltre è un prodotto puramente naturale.<br />
Il prezioso duo di olio di noce di macadamia e burro di mango nutre, mentre la combinazione di vitamina E e CBD contrasta le infiammazioni e ha un effetto anti-invecchiamento.</p>
