{"id":13166,"date":"2021-12-07T01:08:59","date_gmt":"2021-12-07T00:08:59","guid":{"rendered":"https:\/\/www.herbadiberna.ch\/abat-jour-pour-parus-indoor-plants\/"},"modified":"2026-04-28T16:35:44","modified_gmt":"2026-04-28T15:35:44","slug":"abat-jour-vers-parus-plants-dexterieur","status":"publish","type":"product","link":"https:\/\/www.herbadiberna.ch\/fr\/produit\/abat-jour-vers-parus-plants-dexterieur\/","title":{"rendered":"Abat-jour pour Parus Indoor Plants"},"content":{"rendered":"<p>Une bonne a\u00e9ration et une bonne circulation de l&rsquo;air \u00e0 l&rsquo;int\u00e9rieur assurent une longue dur\u00e9e de vie aux lampes pour plantes. L&rsquo;abat-jour est dot\u00e9 d&rsquo;une douille E27. En plus, il y a un interrupteur marche\/arr\u00eat, une fixation de c\u00e2ble et des crochets de montage pour que tu puisses placer les 4 m\u00e8tres de c\u00e2ble de mani\u00e8re \u00e9l\u00e9gante. Pour plus de s\u00e9curit\u00e9, une fiche de contact de protection est install\u00e9e. L&rsquo;abat-jour pour plantes est compatible aussi bien avec les lampes pour plantes de 18 watts, 6 watts et 7 watts.<\/p>\n","protected":false},"excerpt":{"rendered":"<p>Abat-jour noir E27 SAGA pour Parus Indoor Plants<\/p>\n","protected":false},"featured_media":11550,"comment_status":"closed","ping_status":"closed","template":"","meta":{"inline_featured_image":false},"product_brand":[],"product_cat":[387,470],"product_tag":[],"class_list":{"0":"post-13166","1":"product","2":"type-product","3":"status-publish","4":"has-post-thumbnail","6":"product_cat-culture-du-cbd","7":"product_cat-eclairage","9":"first","10":"instock","11":"taxable","12":"shipping-taxable","13":"purchasable","14":"product-type-simple"},"_links":{"self":[{"href":"https:\/\/www.herbadiberna.ch\/fr\/wp-json\/wp\/v2\/product\/13166","targetHints":{"allow":["GET"]}}],"collection":[{"href":"https:\/\/www.herbadiberna.ch\/fr\/wp-json\/wp\/v2\/product"}],"about":[{"href":"https:\/\/www.herbadiberna.ch\/fr\/wp-json\/wp\/v2\/types\/product"}],"replies":[{"embeddable":true,"href":"https:\/\/www.herbadiberna.ch\/fr\/wp-json\/wp\/v2\/comments?post=13166"}],"wp:featuredmedia":[{"embeddable":true,"href":"https:\/\/www.herbadiberna.ch\/fr\/wp-json\/wp\/v2\/media\/11550"}],"wp:attachment":[{"href":"https:\/\/www.herbadiberna.ch\/fr\/wp-json\/wp\/v2\/media?parent=13166"}],"wp:term":[{"taxonomy":"product_brand","embeddable":true,"href":"https:\/\/www.herbadiberna.ch\/fr\/wp-json\/wp\/v2\/product_brand?post=13166"},{"taxonomy":"product_cat","embeddable":true,"href":"https:\/\/www.herbadiberna.ch\/fr\/wp-json\/wp\/v2\/product_cat?post=13166"},{"taxonomy":"product_tag","embeddable":true,"href":"https:\/\/www.herbadiberna.ch\/fr\/wp-json\/wp\/v2\/product_tag?post=13166"}],"curies":[{"name":"wp","href":"https:\/\/api.w.org\/{rel}","templated":true}]}}

<p>Une bonne aération et une bonne circulation de l&rsquo;air à l&rsquo;intérieur assurent une longue durée de vie aux lampes pour plantes. L&rsquo;abat-jour est doté d&rsquo;une douille E27. En plus, il y a un interrupteur marche/arrêt, une fixation de câble et des crochets de montage pour que tu puisses placer les 4 mètres de câble de manière élégante. Pour plus de sécurité, une fiche de contact de protection est installée. L&rsquo;abat-jour pour plantes est compatible aussi bien avec les lampes pour plantes de 18 watts, 6 watts et 7 watts.</p>
